*3 + 12*b**2 + 3629*b - 21960. Calculate p(6).
30
Let o(f) = 3*f**3 + 189*f**2 + 169*f - 1065. Calculate o(-62).
-11
Let f(s) = 732939*s + 3664755. What is f(-5)?
60
Let h(j) = j**3 - 179*j**2 + 338*j + 2809. Give h(177).
-23
Let t(a) = a**2 + 42507*a - 255083. Determine t(6).
-5
Let h(b) = b**3 + 118*b**2 + 670*b - 303. What is h(-112)?
-79
Let r(n) = -4*n**3 - 99*n**2 + 1598*n - 13. Determine r(-36).
779
Let x(z) = 24*z**3 - 217*z**2 + 193*z + 50. Determine x(8).
-6
Let k(i) = -i**3 - 52*i**2 - 61*i - 203. What is k(-51)?
307
Let k(s) = 4*s**2 + 23*s - 180. Determine k(-13).
197
Let a(r) = -144*r**3 - 1719*r**2 + 97*r - 96. Give a(-12).
36
Let l(v) = 19436*v - 427586. Give l(22).
6
Let q(o) = -152*o**2 + 122667*o - 2508. Determine q(807).
-87
Let s(b) = 2717*b + 261138. Give s(-96).
306
Let s(d) = 2*d**3 - 381*d**2 + 224*d - 6385. Calculate s(190).
75
Let y(x) = 485*x + 40752. Give y(-84).
12
Let s(q) = -2*q**2 + 4444*q - 1346651. Give s(1860).
-11
Let a(c) = 2*c**3 - 5*c**2 - 12*c + 30. Determine a(6).
210
Let n(c) = -2*c**3 - 7*c**2 - 21*c + 73. Give n(7).
-1103
Let v(p) = 127*p**2 + 117*p - 1490. Give v(3).
4
Let z(k) = 3859*k + 486227. Calculate z(-126).
-7
Let h(p) = -9*p**3 - 329*p**2 + 150*p + 81. Determine h(-37).
7
Let f(g) = 1128*g - 228551. What is f(203)?
433
Let v(g) = -95*g**2 + 451*g - 1528. What is v(6)?
-2242
Let j(b) = 4*b**2 + 477*b - 3428. What is j(-126)?
-26
Let h(j) = -14552*j + 814843. Calculate h(56).
-69
Let c(x) = 894*x + 6109. Determine c(-6).
745
Let g(b) = 30150*b - 2683342. Give g(89).
8
Let n(i) = -54*i**2 - 69*i - 73. Calculate n(0).
-73
Let l(x) = x**3 + 47*x**2 - 1178*x - 19. Give l(18).
-163
Let p(g) = 11*g - 1927. Determine p(75).
-1102
Let s(w) = -945*w - 27376. What is s(-29)?
29
Let a(i) = -281*i - 34197. Give a(-122).
85
Let p(o) = 2*o**2 - 21971*o - 131896. What is p(-6)?
2
Let j(c) = -c**3 + 97*c**2 - 2224*c + 238. Give j(60).
-2
Let y(j) = 10*j**2 - 8*j + 38. What is y(-9)?
920
Let c(r) = -114169*r - 228337. Calculate c(-2).
1
Let c(w) = -w**3 - 13*w**2 + 364*w + 2233. Give c(-6).
-203
Let p(i) = 73*i**2 - 1973*i - 133. Calculate p(27).
-187
Let o(s) = 6*s**3 - 53*s**2 + 352*s - 2544. Give o(8).
-48
Let m(u) = 8*u**2 + 451*u + 3872. Give m(-46).
54
Let c(f) = 91*f - 893. Give c(10).
17
Let w(f) = f**2 + 78*f - 34188. What is w(150)?
12
Let t(x) = -29*x**2 - 2350*x - 9396. Calculate t(-4).
-460
Let b(p) = 306*p - 114. Give b(-1).
-420
Let m(y) = -y**2 + 126621*y - 65698091. Calculate m(521).
9
Let x(f) = -4*f**3 + 28*f**2 + 84*f - 635. Calculate x(8).
-219
Let z(o) = -1259411*o - 5037642. What is z(-4)?
2
Let z(v) = v**3 - 8*v**2 - 32587*v + 195599. Give z(6).
5
Let u(s) = 55*s - 2223. What is u(40)?
-23
Let f(d) = 2*d**3 + 157*d**2 - 369*d + 2873. What is f(-81)?
-43
Let o(p) = -10088*p**2 - 110957*p + 8. What is o(-11)?
-113
Let m(a) = -19*a**3 + 16*a**2 - 57*a + 56. What is m(1)?
-4
Let v(j) = -148*j**2 - 64234*j - 747. What is v(-434)?
121
Let u(q) = 10*q**3 + 3*q**2 + 8*q + 14. What is u(-3)?
-253
Let z(d) = 2*d**3 - 336*d**2 - 685*d + 1009. What is z(170)?
159
Let t(c) = c**3 - 32*c**2 + 366*c - 14737. What is t(34)?
19
Let l(k) = 2*k**2 - 359*k + 13046. Determine l(71).
-2361
Let m(r) = -2*r**3 - 12*r**2 + 635*r + 33. Give m(-21).
-72
Let o(k) = -k**2 + 148*k - 1753. What is o(23)?
1122
Let b(y) = -8*y**3 - 2595*y**2 + 1692*y + 21772. Determine b(-325).
-3
Let y(g) = -57*g**2 - 52*g - 143. What is y(-3)?
-500
Let k(z) = 3*z**2 - 1152*z - 3472. Give k(-3).
11
Let j(z) = -39*z**2 - 6096*z + 4245. Calculate j(-157).
6
Let v(d) = 93*d**2 + 1580*d + 415. Give v(-17).
432
Let h(y) = y**3 - 13*y**2 - 331*y - 278. Calculate h(26).
-96
Let d(g) = -20801*g - 62358. Determine d(-3).
45
Let l(s) = -s**3 - 35*s**2 + 3230*s - 233. Give l(-77).
75
Let i(g) = -5*g**2 - 2054*g + 2330. Calculate i(-412).
-142
Let d(i) = -472*i - 3420. Give d(-7).
-116
Let r(v) = -8*v**2 - 328*v - 702. Give r(-39).
-78
Let o(c) = 3*c**2 + 7169*c + 59. Determine o(0).
59
Let w(c) = 12128*c - 5688033. Determine w(469).
-1
Let j(z) = z**2 + 3168*z + 565827. Calculate j(-190).
7
Let f(v) = -v**3 - 17*v**2 + 571*v + 9347. Give f(-16).
-45
Let l(c) = -51112*c - 2351147. Give l(-46).
5
Let w(h) = -47*h**3 + 1502*h**2 + 88*h - 764. Determine w(32).
4
Let a(v) = -v**2 - 121*v - 2770. Determine a(-91).
-40
Let a(s) = -3984*s - 10134. What is a(-2)?
-2166
Let b(d) = 6*d**3 - 17*d**2 - 92*d - 75. Give b(-2).
-7
Let o(d) = 24248*d - 315454. Give o(13).
-230
Let y(p) = 5*p**2 + 95*p + 33. Calculate y(-8).
-407
Let s(r) = 384*r + 28464. What is s(-69)?
1968
Let c(y) = -5*y**2 + 25*y - 184. Calculate c(-9).
-814
Let u(g) = g**2 - 1368*g - 24979. What is u(-18)?
-31
Let d(b) = -34094*b + 681887. What is d(20)?
7
Let l(j) = 30185*j + 875375. Determine l(-29).
10
Let z(q) = -14*q**2 + 1843*q + 23759. Give z(-13).
-2566
Let t(y) = -44617*y - 2944788. What is t(-66)?
-66
Let y(n) = 10*n**2 + 55*n + 153. Determine y(-9).
468
Let h(f) = -3118*f - 199337. Determine h(-64).
215
Let t(n) = n**3 - 147*n**2 - 141*n - 1040. Give t(148).
-4
Let h(b) = -111*b - 437. Give h(3).
-770
Let i(g) = 79*g**3 - 874*g**2 - 126*g + 1541. Calculate i(11).
-450
Let u(t) = -2*t**3 + 147*t**2 - 48*t - 653. Give u(73).
1172
Let d(z) = 74*z**2 - 51*z - 168. Give d(2).
26
Let a(w) = -198*w + 4609. Calculate a(21).
451
Let u(i) = i**3 + 8*i**2 + 17*i - 65. What is u(-4)?
-69
Let d(j) = j**2 + 6977*j - 365508. Determine d(52).
0
Let d(m) = 22016*m - 65531. Determine d(3).
517
Let u(q) = 9*q**2 + 545*q - 804. Give u(-62).
2
Let x(m) = -1199*m + 38. Give x(-1).
1237
Let n(f) = -16*f**2 - 69*f + 1845. Calculate n(-13).
38
Let p(j) = 3*j**3 - 234*j**2 + j + 975. Determine p(78).
1053
Let m(w) = w**2 + 4897*w - 177584. Give m(36).
4
Let l(q) = -11*q**2 + 3854*q - 192568. Calculate l(290).
-8
Let n(k) = 12420*k + 1838057. Determine n(-148).
-103
Let s(k) = -4075*k**2 + 228195*k + 248. Determine s(56).
-32
Let m(f) = f**3 + 12*f**2 - 119*f - 41. Determine m(-18).
157
Let m(s) = 1205263*s - 10. Determine m(0).
-10
Let y(c) = c**2 - 1509*c - 6052. Determine y(-4).
0
Let f(s) = -52*s**2 + 521*s - 516. Calculate f(9).
-39
Let z(x) = -184*x - 5663. Determine z(-36).
961
Let l(o) = -24*o**3 - 431*o**2 + 20*o + 76. Calculate l(-18).
40
Let y(s) = -s**3 + 461*s**2 - 1381*s + 3113. Calculate y(458).
-93
Let r(i) = 176*i + 24917. Give r(-142).
-75
Let c(m) = -m**3 - 21*m**2 + 50*m - 100. What is c(7)?
-1122
Let g(v) = 312*v + 260. Determine g(-5).
-1300
Let s(w) = -1887*w - 137705. Determine s(-73).
46
Let x(m) = -162*m - 22132. Determine x(-138).
224
Let j(r) = -r**3 - 41*r**2 - 207*r - 7263. What is j(-40)?
-583
Let k(h) = 5586*h + 16868. Give k(-3).
110
Let b(o) = -168*o - 52850. Give b(-313).
-266
Let m(o) = -o**3 + 34*o**2 - 37*o - 153. Determine m(32).
711
Let z(b) = -40*b**3 + 200*b**2 - 214*b + 12. Give z(1).
-42
Let t(o) = -2*o**3 - 287*o**2 - 449*o - 3262. Give t(-142).
4
Let d(q) = 1878*q - 266692. Determine d(142).
-16
Let m(d) = -115*d**2 + 5032*d - 47907. Determine m(14).
1
Let k(f) = 2857*f - 11224. Give k(3).
-2653
Let u(f) = f**3 + 622*f**2 + 4976*f + 39310. Calculate u(-614).
14
Let r(t) = 7*t**2 + 1332*t + 14480. What is r(-11)?
675
Let h(w) = -5*w**2 + 1105*w - 23988. Give h(22).
-2098
Let h(p) = 53224*p + 479018. Calculate h(-9).
2
Let g(p) = 161643*p - 323249. What is g(2)?
37
Let d(z) = 3731*z - 29844. Calculate d(8).
4
Let x(z) = -z**3 + 26*z**2 + 516*z + 762. Give x(-12).
42
Let l(n) = -3*n**2 - 210*n - 2668. Determine l(-17).
35
Let x(n) = 4204*n + 42051. Give x(-10).
11
Let j(c) = -3*c**2 + 318*c - 8132. Determine j(51).
283
Let a(x) = -29324*x - 205242. Give a(-7).
26
Let o(j) = -82825*j + 6294701. Determine o(76).
1
Let g(q) = -245672*q - 21864812. What is g(-89)?
-4
Let v(m) = 1854*m - 31687. What is v(17)?
-169
Let k(l) = -8*l**2 + 7973*l - 31772. Give k(4).
-8
Let v(h) = 19*h**3 + 335*h**2 + 219*h - 117. Calculate v(-1).
-20
Let q(j) = 2*j**3 - 173*j**2 + 1592*j + 347. Calculate q(76).
43
Let v(o) = 58*o + 3766. What is v(-71)?
-352
Let t(m) = -14*m**2 - 1770*m + 1352. Calculate t(-127).
336
Let u(y) = -2*y**2 - 694*y + 20205. Give u(27).
9
Let b(v) = 26*v**2 + 5332*v + 193171. Calculate b(-47).
1
Let t(p) = -16*p**2 + 1639*p + 6801. Determine t(-4).
-11
Let